{"id":352,"date":"2025-02-26T12:36:48","date_gmt":"2025-02-26T11:36:48","guid":{"rendered":"https:\/\/etiopathe-ermont95-magnylehongre77.com\/?page_id=352"},"modified":"2025-02-26T12:59:05","modified_gmt":"2025-02-26T11:59:05","slug":"magny-le-hongre","status":"publish","type":"page","link":"https:\/\/etiopathe-ermont95-magnylehongre77.com\/index.php\/magny-le-hongre\/","title":{"rendered":"Magny-le-Hongre"},"content":{"rendered":"\t\t<div data-elementor-type=\"wp-page\" data-elementor-id=\"352\" class=\"elementor elementor-352\" data-elementor-post-type=\"page\">\n\t\t\t\t<div class=\"elementor-element elementor-element-c8bae45 e-flex e-con-boxed e-con e-parent\" data-id=\"c8bae45\" data-element_type=\"container\">\n\t\t\t\t\t<div class=\"e-con-inner\">\n\t\t<div class=\"elementor-element elementor-element-2ba06bf e-con-full e-flex e-con e-child\" data-id=\"2ba06bf\" data-element_type=\"container\" data-settings=\"{&quot;background_background&quot;:&quot;classic&quot;}\">\n\t\t\t\t<div class=\"elementor-element elementor-element-7f596e0 elementor-widget elementor-widget-heading\" data-id=\"7f596e0\" data-element_type=\"widget\" data-widget_type=\"heading.default\">\n\t\t\t\t<div class=\"elementor-widget-container\">\n\t\t\t\t\t<h2 class=\"elementor-heading-title elementor-size-default\">CABINET <br>MAGNY-LE-HONGRE (77)<\/h2>\t\t\t\t<\/div>\n\t\t\t\t<\/div>\n\t\t<div class=\"elementor-element elementor-element-0da98f8 e-con-full e-flex e-con e-child\" data-id=\"0da98f8\" data-element_type=\"container\">\n\t\t\t\t<div class=\"elementor-element elementor-element-0d18f26 elementor-widget elementor-widget-image\" data-id=\"0d18f26\" data-element_type=\"widget\" data-widget_type=\"image.default\">\n\t\t\t\t<div class=\"elementor-widget-container\">\n\t\t\t\t\t\t\t\t\t\t\t\t\t\t\t<img fetchpriority=\"high\" decoding=\"async\" width=\"768\" height=\"398\" src=\"https:\/\/etiopathe-ermont95-magnylehongre77.com\/wp-content\/uploads\/2025\/02\/entree-parking-1-768x398.jpg\" class=\"attachment-medium_large size-medium_large wp-image-359\" alt=\"\" srcset=\"https:\/\/etiopathe-ermont95-magnylehongre77.com\/wp-content\/uploads\/2025\/02\/entree-parking-1-768x398.jpg 768w, https:\/\/etiopathe-ermont95-magnylehongre77.com\/wp-content\/uploads\/2025\/02\/entree-parking-1-300x156.jpg 300w, https:\/\/etiopathe-ermont95-magnylehongre77.com\/wp-content\/uploads\/2025\/02\/entree-parking-1-1024x531.jpg 1024w, https:\/\/etiopathe-ermont95-magnylehongre77.com\/wp-content\/uploads\/2025\/02\/entree-parking-1-1536x796.jpg 1536w, https:\/\/etiopathe-ermont95-magnylehongre77.com\/wp-content\/uploads\/2025\/02\/entree-parking-1-2048x1062.jpg 2048w\" sizes=\"(max-width: 768px) 100vw, 768px\" \/>\t\t\t\t\t\t\t\t\t\t\t\t\t\t\t<\/div>\n\t\t\t\t<\/div>\n\t\t\t\t<\/div>\n\t\t\t\t<\/div>\n\t\t<div class=\"elementor-element elementor-element-fcb9dbe e-transform e-transform e-flex e-con-boxed e-con e-child\" data-id=\"fcb9dbe\" data-element_type=\"container\" data-settings=\"{&quot;background_background&quot;:&quot;classic&quot;,&quot;_transform_scale_effect&quot;:{&quot;unit&quot;:&quot;px&quot;,&quot;size&quot;:&quot;&quot;,&quot;sizes&quot;:[]},&quot;_transform_scale_effect_tablet&quot;:{&quot;unit&quot;:&quot;px&quot;,&quot;size&quot;:&quot;&quot;,&quot;sizes&quot;:[]},&quot;_transform_scale_effect_mobile&quot;:{&quot;unit&quot;:&quot;px&quot;,&quot;size&quot;:&quot;&quot;,&quot;sizes&quot;:[]},&quot;_transform_skewX_effect&quot;:{&quot;unit&quot;:&quot;px&quot;,&quot;size&quot;:&quot;&quot;,&quot;sizes&quot;:[]},&quot;_transform_skewX_effect_tablet&quot;:{&quot;unit&quot;:&quot;deg&quot;,&quot;size&quot;:&quot;&quot;,&quot;sizes&quot;:[]},&quot;_transform_skewX_effect_mobile&quot;:{&quot;unit&quot;:&quot;deg&quot;,&quot;size&quot;:&quot;&quot;,&quot;sizes&quot;:[]},&quot;_transform_skewY_effect&quot;:{&quot;unit&quot;:&quot;px&quot;,&quot;size&quot;:&quot;&quot;,&quot;sizes&quot;:[]},&quot;_transform_skewY_effect_tablet&quot;:{&quot;unit&quot;:&quot;deg&quot;,&quot;size&quot;:&quot;&quot;,&quot;sizes&quot;:[]},&quot;_transform_skewY_effect_mobile&quot;:{&quot;unit&quot;:&quot;deg&quot;,&quot;size&quot;:&quot;&quot;,&quot;sizes&quot;:[]}}\">\n\t\t\t\t\t<div class=\"e-con-inner\">\n\t\t\t\t<div class=\"elementor-element elementor-element-3c1bc0d elementor-widget elementor-widget-heading\" data-id=\"3c1bc0d\" data-element_type=\"widget\" data-widget_type=\"heading.default\">\n\t\t\t\t<div class=\"elementor-widget-container\">\n\t\t\t\t\t<h2 class=\"elementor-heading-title elementor-size-default\">Votre \u00c9tiopathe peut vous accueillir dans son cabinet en Seine-et-Marne (77), plus pr\u00e9cis\u00e9ment au <br>11 Rue Courtalin, B\u00e2timent A, 77700 Magny-le-Hongre.\n<br>En entrant sur le parking du Val d\u2019Europe Park, le cabinet se trouve sur la gauche, dans le b\u00e2timent A<br> (rez-de-chauss\u00e9e), au sein d\u2019un centre m\u00e9dicale.<\/h2>\t\t\t\t<\/div>\n\t\t\t\t<\/div>\n\t\t\t\t\t<\/div>\n\t\t\t\t<\/div>\n\t\t\t\t\t<\/div>\n\t\t\t\t<\/div>\n\t\t<div class=\"elementor-element elementor-element-697b7cb e-flex e-con-boxed e-con e-parent\" data-id=\"697b7cb\" data-element_type=\"container\" data-settings=\"{&quot;background_background&quot;:&quot;classic&quot;}\">\n\t\t\t\t\t<div class=\"e-con-inner\">\n\t\t<div class=\"elementor-element elementor-element-af4a31e e-flex e-con-boxed e-con e-child\" data-id=\"af4a31e\" data-element_type=\"container\">\n\t\t\t\t\t<div class=\"e-con-inner\">\n\t\t\t\t<div class=\"elementor-element elementor-element-84690c6 elementor-widget elementor-widget-heading\" data-id=\"84690c6\" data-element_type=\"widget\" data-widget_type=\"heading.default\">\n\t\t\t\t<div class=\"elementor-widget-container\">\n\t\t\t\t\t<h2 class=\"elementor-heading-title elementor-size-default\"><br><br><br><br>Horaires de consultation :\n\n\ud83d\udd59 Du lundi au mercredi de 10h \u00e0 19h.<\/h2>\t\t\t\t<\/div>\n\t\t\t\t<\/div>\n\t\t\t\t<div class=\"elementor-element elementor-element-98269b3 elementor-widget elementor-widget-button\" data-id=\"98269b3\" data-element_type=\"widget\" data-widget_type=\"button.default\">\n\t\t\t\t<div class=\"elementor-widget-container\">\n\t\t\t\t\t\t\t\t\t<div class=\"elementor-button-wrapper\">\n\t\t\t\t\t<a class=\"elementor-button elementor-button-link elementor-size-sm\" href=\"https:\/\/perfactive.fr\/aurelie-pinault\/date?location=4859402&#038;people=17550&#038;reason=127639\">\n\t\t\t\t\t\t<span class=\"elementor-button-content-wrapper\">\n\t\t\t\t\t\t\t\t\t<span class=\"elementor-button-text\">Prendre RDV<\/span>\n\t\t\t\t\t<\/span>\n\t\t\t\t\t<\/a>\n\t\t\t\t<\/div>\n\t\t\t\t\t\t\t\t<\/div>\n\t\t\t\t<\/div>\n\t\t\t\t\t<\/div>\n\t\t\t\t<\/div>\n\t\t\t\t<div class=\"elementor-element elementor-element-f9362f6 elementor-widget elementor-widget-image\" data-id=\"f9362f6\" data-element_type=\"widget\" data-widget_type=\"image.default\">\n\t\t\t\t<div class=\"elementor-widget-container\">\n\t\t\t\t\t\t\t\t\t\t\t\t\t\t\t<img decoding=\"async\" width=\"1024\" height=\"768\" src=\"https:\/\/etiopathe-ermont95-magnylehongre77.com\/wp-content\/uploads\/2025\/02\/photo-cab-magny-1024x768.jpg\" class=\"attachment-large size-large wp-image-357\" alt=\"\" srcset=\"https:\/\/etiopathe-ermont95-magnylehongre77.com\/wp-content\/uploads\/2025\/02\/photo-cab-magny-1024x768.jpg 1024w, https:\/\/etiopathe-ermont95-magnylehongre77.com\/wp-content\/uploads\/2025\/02\/photo-cab-magny-300x225.jpg 300w, https:\/\/etiopathe-ermont95-magnylehongre77.com\/wp-content\/uploads\/2025\/02\/photo-cab-magny-768x576.jpg 768w, https:\/\/etiopathe-ermont95-magnylehongre77.com\/wp-content\/uploads\/2025\/02\/photo-cab-magny-1536x1152.jpg 1536w, https:\/\/etiopathe-ermont95-magnylehongre77.com\/wp-content\/uploads\/2025\/02\/photo-cab-magny-2048x1536.jpg 2048w\" sizes=\"(max-width: 1024px) 100vw, 1024px\" \/>\t\t\t\t\t\t\t\t\t\t\t\t\t\t\t<\/div>\n\t\t\t\t<\/div>\n\t\t\t\t\t<\/div>\n\t\t\t\t<\/div>\n\t\t<div class=\"elementor-element elementor-element-2319c03 e-flex e-con-boxed e-con e-parent\" data-id=\"2319c03\" data-element_type=\"container\" data-settings=\"{&quot;background_background&quot;:&quot;classic&quot;}\">\n\t\t\t\t\t<div class=\"e-con-inner\">\n\t\t\t\t<div class=\"elementor-element elementor-element-2457a42 elementor-widget elementor-widget-google_maps\" data-id=\"2457a42\" data-element_type=\"widget\" data-widget_type=\"google_maps.default\">\n\t\t\t\t<div class=\"elementor-widget-container\">\n\t\t\t\t\t\t\t<div class=\"elementor-custom-embed\">\n\t\t\t<iframe loading=\"lazy\"\n\t\t\t\t\tsrc=\"https:\/\/maps.google.com\/maps?q=11%20Rue%20Courtalin%20Magny&#038;t=m&#038;z=13&#038;output=embed&#038;iwloc=near\"\n\t\t\t\t\ttitle=\"11 Rue Courtalin Magny\"\n\t\t\t\t\taria-label=\"11 Rue Courtalin Magny\"\n\t\t\t><\/iframe>\n\t\t<\/div>\n\t\t\t\t\t\t<\/div>\n\t\t\t\t<\/div>\n\t\t\t\t\t<\/div>\n\t\t\t\t<\/div>\n\t\t\t\t<\/div>\n\t\t","protected":false},"excerpt":{"rendered":"<p>CABINET MAGNY-LE-HONGRE (77) Votre \u00c9tiopathe peut vous accueillir dans son cabinet en Seine-et-Marne (77), plus pr\u00e9cis\u00e9ment au 11 Rue Courtalin, [&hellip;]<\/p>\n","protected":false},"author":1,"featured_media":0,"parent":0,"menu_order":0,"comment_status":"closed","ping_status":"closed","template":"","meta":{"om_disable_all_campaigns":false,"_monsterinsights_skip_tracking":false,"_monsterinsights_sitenote_active":false,"_monsterinsights_sitenote_note":"","_monsterinsights_sitenote_category":0,"site-sidebar-layout":"no-sidebar","site-content-layout":"","ast-site-content-layout":"full-width-container","site-content-style":"default","site-sidebar-style":"default","ast-global-header-display":"","ast-banner-title-visibility":"","ast-main-header-display":"","ast-hfb-above-header-display":"","ast-hfb-below-header-display":"","ast-hfb-mobile-header-display":"","site-post-title":"disabled","ast-breadcrumbs-content":"","ast-featured-img":"disabled","footer-sml-layout":"","theme-transparent-header-meta":"","adv-header-id-meta":"","stick-header-meta":"","header-above-stick-meta":"","header-main-stick-meta":"","header-below-stick-meta":"","astra-migrate-meta-layouts":"default","ast-page-background-enabled":"default","ast-page-background-meta":{"desktop":{"background-color":"var(--ast-global-color-4)","background-image":"","background-repeat":"repeat","background-position":"center center","background-size":"auto","background-attachment":"scroll","background-type":"","background-media":"","overlay-type":"","overlay-color":"","overlay-opacity":"","overlay-gradient":""},"tablet":{"background-color":"","background-image":"","background-repeat":"repeat","background-position":"center center","background-size":"auto","background-attachment":"scroll","background-type":"","background-media":"","overlay-type":"","overlay-color":"","overlay-opacity":"","overlay-gradient":""},"mobile":{"background-color":"","background-image":"","background-repeat":"repeat","background-position":"center center","background-size":"auto","background-attachment":"scroll","background-type":"","background-media":"","overlay-type":"","overlay-color":"","overlay-opacity":"","overlay-gradient":""}},"ast-content-background-meta":{"desktop":{"background-color":"var(--ast-global-color-5)","background-image":"","background-repeat":"repeat","background-position":"center center","background-size":"auto","background-attachment":"scroll","background-type":"","background-media":"","overlay-type":"","overlay-color":"","overlay-opacity":"","overlay-gradient":""},"tablet":{"background-color":"var(--ast-global-color-5)","background-image":"","background-repeat":"repeat","background-position":"center center","background-size":"auto","background-attachment":"scroll","background-type":"","background-media":"","overlay-type":"","overlay-color":"","overlay-opacity":"","overlay-gradient":""},"mobile":{"background-color":"var(--ast-global-color-5)","background-image":"","background-repeat":"repeat","background-position":"center center","background-size":"auto","background-attachment":"scroll","background-type":"","background-media":"","overlay-type":"","overlay-color":"","overlay-opacity":"","overlay-gradient":""}},"footnotes":""},"class_list":["post-352","page","type-page","status-publish","hentry"],"aioseo_notices":[],"_links":{"self":[{"href":"https:\/\/etiopathe-ermont95-magnylehongre77.com\/index.php\/wp-json\/wp\/v2\/pages\/352","targetHints":{"allow":["GET"]}}],"collection":[{"href":"https:\/\/etiopathe-ermont95-magnylehongre77.com\/index.php\/wp-json\/wp\/v2\/pages"}],"about":[{"href":"https:\/\/etiopathe-ermont95-magnylehongre77.com\/index.php\/wp-json\/wp\/v2\/types\/page"}],"author":[{"embeddable":true,"href":"https:\/\/etiopathe-ermont95-magnylehongre77.com\/index.php\/wp-json\/wp\/v2\/users\/1"}],"replies":[{"embeddable":true,"href":"https:\/\/etiopathe-ermont95-magnylehongre77.com\/index.php\/wp-json\/wp\/v2\/comments?post=352"}],"version-history":[{"count":10,"href":"https:\/\/etiopathe-ermont95-magnylehongre77.com\/index.php\/wp-json\/wp\/v2\/pages\/352\/revisions"}],"predecessor-version":[{"id":375,"href":"https:\/\/etiopathe-ermont95-magnylehongre77.com\/index.php\/wp-json\/wp\/v2\/pages\/352\/revisions\/375"}],"wp:attachment":[{"href":"https:\/\/etiopathe-ermont95-magnylehongre77.com\/index.php\/wp-json\/wp\/v2\/media?parent=352"}],"curies":[{"name":"wp","href":"https:\/\/api.w.org\/{rel}","templated":true}]}}